*2 + 4*z + 5. Let x be l(-4). Let v(k) = -k + 6 - x - 11. Determine v(8).
-18
Let b(j) = 4*j - 54. Let s be b(14). Let x(c) = 3*c**s - 67*c + 76*c - 1 - 4*c**2. What is x(9)?
-1
Let a(c) be the first derivative of c**6/120 - c**5/20 - c**4/4 + c**3/6 - 111*c**2/2 + 2*c - 75. Let g(d) be the second derivative of a(d). Determine g(4).
-7
Let k(c) = 620 + 8*c**2 - 620 - 6*c**2. Calculate k(6).
72
Let i = 134 + -116. Let p(w) = -5 + i*w + 8*w - 28*w. What is p(-6)?
7
Let n be (-32)/(-6)*(-27)/(-18). Let r be -3 - (-4)/4 - (-68)/4. Let p(j) = -j**2 + 45 + r*j - 6*j - 48. Calculate p(n).
5
Let a be (-6 - ((-56)/10 + 10/(-25))) + 1. Let j(h) = 0 - 3*h - 1 - 4*h + 5*h. Determine j(a).
-3
Let s(l) = 3*l + 38. Let i = 3946 + -3965. Determine s(i).
-19
Let o(x) = -x + 10. Suppose 2*h + 10 = 0, 23 = 2*i - 3*h - 0*h. Suppose 0 = -5*m - 3*y + 20, y = -i*y. Calculate o(m).
6
Let g = 3671 - 3674. Let q(c) = -c**3 - 5*c**2 - 5*c - 1. Let p(s) = s**3 + 4*s**2 + 5*s + 2. Let i(y) = -3*p(y) - 2*q(y). Determine i(g).
20
Let q(a) = -a**2 + 15*a - 14. Let z be q(14). Let v(p) = 2*p + 9. Let k(g) = g. Suppose 0 = -2*f - 2 - 4. Let x(l) = f*k(l) + v(l). What is x(z)?
9
Let l(p) = 10 + 7187*p**2 - 25*p - 7165*p**2 - p**3 + 3*p. What is l(21)?
-11
Let o(m) = -2*m - 8 + 26 + 7*m - 13. Suppose 5*i + 28 = -2*s, 4 = -3*s + s + i. Calculate o(s).
-15
Let t(h) = 131*h + 2239. Let k be t(-17). Let q(c) = 4*c - 35. Calculate q(k).
13
Let w(s) be the second derivative of -s**4/12 + 19*s**3/6 - 21*s**2/2 - 78*s + 1. Give w(14).
49
Let x(v) = 333*v - 327*v - 54 - 53. Let u be x(18). Let b(d) = 39*d**2 - 1. Give b(u).
38
Suppose 0 = -8*t + 44 - 4. Let q(b) = 0 - 9*b - 2 - t*b**2 + b**2 + 3*b**2 + 4*b. Suppose 0 = -a - 5 + 2. What is q(a)?
4
Suppose -3*b + 21 = -3*h, 4*h + 60 = 68. Suppose -2*x - 35 = -b*x. Let t(w) be the third derivative of -w**5/60 + w**4/4 - 2*w**3/3 - w**2. Give t(x).
1
Let p(k) = k**3 - 4*k**2 + 2*k - 3. Let c(u) = -u**3 - 7*u**2 + u + 27. Let v be c(-7). Let y be ((-8)/v)/((4/40)/(-1)). Determine p(y).
5
Let g = -3111 - -3107. Suppose 0 = -5*n - 5*r + 25, 4*r - 4 - 4 = 0. Let y(i) = -27*i**2 - 1 - 2 - 1 - n*i + 26*i**2. Calculate y(g).
-8
Let x(w) = -7103*w - w**3 + 7*w**2 + 2358*w + 2365*w + 2*w**3 + 2369*w. Determine x(-9).
-63
Let p(f) = 4*f**2 - 4*f - 1. Let r(q) = q**2 - 6*q - 2. Let z(t) = -p(t) + 3*r(t). Calculate z(-6).
43
Let j(n) = -4*n + 15. Let s = 11154 - 11157. Give j(s).
27
Let d(o) be the third derivative of o**5/30 - o**4/12 - o**3/3 - 11*o**2. Let a be (-1)/1 - (6 - (-66)/(-6)). Suppose -a + 28 = 12*c. Determine d(c).
2
Suppose 4*g + 13 + 7 = 0. Let y(b) = b**2 + 13*b - 7. Let m(t) = 3*t**2 + 38*t - 18. Let w(c) = 4*m(c) - 11*y(c). Determine w(g).
-15
Let q(r) = 0 - 82281*r + 82285*r - 2*r**2 - 3 - 27*r**3. Determine q(1).
-28
Let b = -45 + 48. Let u(h) = -6*h - 24*h**2 - 21*h**2 - b - 24*h**2 + 68*h**2. Determine u(-2).
5
Let h(r) be the second derivative of 5*r**4/12 - r**3 - 3*r**2 - 8*r - 96. Give h(-1).
5
Suppose -6*h = -7*h + 4*n - 20, 2*h - 5*n + 28 = 0. Let m(t) = 10*t + 30. Calculate m(h).
-10
Let f(v) = v**2 + 9*v + 10. Let u = -206 - -240. Suppose 298 = -u*j - 8. Give f(j).
10
Let j(y) = 2*y + 3. Let b(q) = -q - 2. Let x(m) = -4*b(m) - 3*j(m). Let t be (728/2184)/(1/12). Give x(t).
-9
Let i(j) = -5*j**2 + 2*j**2 + 7*j + 2*j**2. Suppose -6*r = -12*r - 4 + 46. Calculate i(r).
0
Suppose -234*i + 119*i = 435*i - 1650. Let h(g) be the second derivative of 1/3*g**i + 0 - g**2 + 23*g. Determine h(7).
12
Let p(m) = -44*m + 91. Suppose 2*x = -4*y + 8, 15*x - 14*x + 10 = 5*y. What is p(y)?
3
Let d(n) be the second derivative of n**5/120 + 5*n**4/24 - 29*n**3/6 - 3*n + 19. Let p(f) be the second derivative of d(f). Give p(-7).
-2
Let k(t) = 33*t**3 + 46*t**2 - 10*t - 24. Let m(j) = 19*j**3 + 26*j**2 - 5*j - 12. Let q(u) = 4*k(u) - 7*m(u). Give q(4).
-64
Let u(d) = d - 23. Let g(w) = w**3 + 15*w**2 - 33*w - 88. Let n be g(-14). Let j = 581 - n. Determine u(j).
-12
Let x(j) be the second derivative of -2*j**3/3 - 4*j**2 + 251*j. What is x(10)?
-48
Let h(n) = 13*n + 114. Let i be (1/2)/(3431/(-5110) + 3/5). Calculate h(i).
23
Let g(j) = j**3 - 4*j - 1. Let t(k) = 7*k**3 - 3*k**2 - 18*k - 7. Let l(p) = -4*g(p) + t(p). Calculate l(3).
45
Let j(x) = -9*x**2 - 13*x + 5. Let q(z) = 7*z**2 + 10*z - 4. Let r(t) = 4*j(t) + 5*q(t). Let v be 4/(-3)*(-3 - 0). Let n be 2*(-4)/(v - 0). What is r(n)?
0
Let c(y) = -5*y + 22. Suppose -33*i + 96 = -21*i. Give c(i).
-18
Let k be 8/14*77/22. Let h(d) = 5*d - 3*d**2 + 3*d**2 - d**k. Let w = -2665 - -2671. Calculate h(w).
-6
Let x(k) = 2*k**2 + 21*k - 9. Let u be x(-11). Let c(z) = z**3 + z + 13*z**2 - 12*z**u - 3*z - 2*z. Let a be c(-3). Let h(m) = m**2 + 4*m + 7. What is h(a)?
19
Suppose 31*r - 48 = 47*r. Let c(y) = 7*y + 53. Let s(v) = -11*v - 104. Let a(z) = r*s(z) - 5*c(z). Calculate a(22).
3
Let y(i) = i**2 + 6*i - 3. Let a(o) = o**3 - 20*o**2 + 70*o - 616. Let z be a(18). Calculate y(z).
-11
Let o(x) = 3*x**2 + 7*x - 6. Let t(i) = 3*i**2 - 65*i + 234. Let v be t(17). Calculate o(v).
14
Let u(n) = -n**2 - 4*n. Suppose 16*r = -169 + 57. Give u(r).
-21
Let l(j) = -473 + 2*j - 173 + 575. Calculate l(23).
-25
Let h(k) be the second derivative of k**7/1260 + k**6/144 + k**5/30 + 2*k**4 + k**2 - 165*k. Let u(v) be the third derivative of h(v). Determine u(-6).
46
Let q(d) = -2*d - 2. Let t = 6809 + -6823. Calculate q(t).
26
Let w(q) = -2*q - 8. Let f be (-4)/6 - (-20)/12. Let z be (41 + -33)/(2 - f). Give w(z).
-24
Let q(j) = -j + 27. Let n be q(5). Let d(z) = -23*z - n*z + 47*z - 1. Suppose -5*p - 20 = -0*p, 40 = 4*l - 2*p. What is d(l)?
15
Let a(i) = -i**2 - 2*i + 14. Let h be a(3). Let t be (h - -2)/((-7)/28*-1). Let z(g) = -g**2 - 3*g + 5. Give z(t).
-23
Suppose -a + 0*a - 52 = g, -a + 4*g = 52. Let p = 62 + a. Suppose -13*f = -p*f + 21. Let x(v) = -v**3 - 6*v**2 + 9*v + 6. Give x(f).
-8
Suppose -3*g + 61 = v, -13*v + 18 = -g - 55. Let d(a) = -a**3 + 19*a**2 - 18*a - 1. Determine d(g).
-1
Let f(l) = -l + 1. Let s be f(-5). Let k(q) = -q**3 + 8*q**2 - 6*q - 5. What is k(s)?
31
Let a(v) be the first derivative of v**4/2 + 5369. Let n be 2/3 + 2/6. Give a(n).
2
Let p be ((-10)/(20/27) + -3)/(1/2). Let q(n) = n**2 + 31*n - 58. What is q(p)?
8
Let n be (-10 + 9)/(-10) + 269/10. Let k(q) = 9*q - 244. What is k(n)?
-1
Let w(y) = 29 + 20*y - 29 - 27*y. Give w(-2).
14
Suppose 4*m - 5*q = 2337, 3*m - 8*m + 2900 = -2*q. Let n = 567 - m. Let u(g) = g**2 + 12*g + 3. Determine u(n).
-8
Let p(z) = -5*z**2 + 61*z**3 - 62*z**3 + z**2 + 16*z**2 + 20. Calculate p(12).
20
Let h(d) be the first derivative of -24*d - 198 + 1/3*d**3 + 0*d**2. Give h(0).
-24
Let d = 25 + -22. Let z(y) = -9*y**2 - 3*y - 9. Let o(r) = -3*r**2 - r - 3. Let k(b) = 7*o(b) - 2*z(b). Give k(d).
-33
Let q be (-90 + 0)/(54/(-828)). Let k(w) = w**2 + 1387*w + 4 + 1 - q*w. Give k(-5).
-5
Let h(r) = -r**3 + 6*r**2 + 6*r + 9. Let x(u) = 4*u**2 + 8*u - 3. Let f be x(-4). Suppose -30*o = -f*o - 3. Suppose o*p = 18 + 3. What is h(p)?
2
Let k be (-2)/((-5 - -3) + 310/154). Let m = k - -159. Let z(b) = -b. What is z(m)?
-5
Let c(u) = 2*u**2 + 35*u + 6. Let g be c(0). Let k(w) = -7*w + 10. What is k(g)?
-32
Let b be (-1)/(-1*((-68)/36 + 2)). Suppose b = 8*k + 57. Let p(l) = -201 + 100 + 110 + 2*l. What is p(k)?
-3
Suppose 24 = 3*g + 4*k, -8 = -4*g + 3*k - 1. Suppose -5*z - 25 = -g*p, z = p - 4*p + 14. Let s(c) = -379*c - 384*c + 757*c + c**2. Determine s(p).
-5
Let j = -2519 - -2524. Let x(q) = 6 - 3*q + 5*q**2 - 3 + 2 - q**3. Calculate x(j).
-10
Let a(k) = 7*k. Let n be (2 + (-1624)/(-3))/((-22)/33). Let b = -817 - n. What is a(b)?
-14
Suppose -f + 5*h = 4, -2*f - 12 = f + h. Let z(q) be the first derivative of 5*q + 1/4*q**4 - 3/2*q**2 - 22 + 4/3*q**3. Give z(f).
17
Let j(y) = y**3 + 32*y**2 - 12*y. Let i(z) = -z**3 + 11*z**2 - z. Let p(w) = i(w) - j(w). What is p(-11)?
0
Let r = -18417 - -18454. Let i(o) = o**3 - 36*o**2 - 36*o - 35. What is i(r)?
2
Let c be -1 + 24/(-6) + 17. Suppose -u = 2*g + c, u - 52 = -56. Let m(h) = 2*h + 7. Give m(g).
-1
Let q be 6/27 - (-374)/18. Let s = 27 - q. Let c(o) be the third derivative of o**5/60 - o**4/3 + o**3/3 - 4*o**2. Give c(s).
-10
Suppose -2*b = 2*b - 16. Suppose -y - b*x + 1 = 16, 4*y = 4*x + 20. Let t(c) be the first 